ime factors of 2331964900?
2, 5, 23319649
List the prime factors of 41748795.
3, 5, 11, 19, 23, 193
What are the prime factors of 496215857?
257, 1930801
What are the prime factors of 222546276?
2, 3, 6181841
What are the prime factors of 43417479?
3, 7, 295357
What are the prime factors of 504075038?
2, 23, 10958153
List the prime factors of 193617179.
7, 3951371
List the prime factors of 966047536.
2, 29, 53, 163, 241
What are the prime factors of 114947606?
2, 19, 23, 131519
What are the prime factors of 1223703003?
3, 407901001
List the prime factors of 171855976.
2, 349, 61553
What are the prime factors of 1956709327?
1956709327
List the prime factors of 5118943780.
2, 5, 17, 15055717
List the prime factors of 1645620015.
3, 5, 13, 1259, 6703
What are the prime factors of 44295332?
2, 23, 43, 11197
List the prime factors of 4712297927.
97, 2647, 18353
List the prime factors of 985140077.
233, 1033, 4093
List the prime factors of 1322738757.
3, 73, 2013301
List the prime factors of 438859961.
19037, 23053
List the prime factors of 257076932.
2, 7, 1311617
What are the prime factors of 364669012?
2, 4027, 22639
What are the prime factors of 737405953?
67, 743, 14813
What are the prime factors of 272535576?
2, 3, 11355649
List the prime factors of 1471694321.
1471694321
List the prime factors of 15589049.
7, 53, 42019
List the prime factors of 180066730.
2, 5, 18006673
List the prime factors of 989908240.
2, 5, 1093, 11321
What are the prime factors of 37158254?
2, 7, 2654161
What are the prime factors of 1067553525?
3, 5, 14234047
What are the prime factors of 3121938949?
269, 11605721
What are the prime factors of 35076169?
35076169
What are the prime factors of 375773569?
41, 127, 72167
List the prime factors of 3271704788.
2, 11, 157, 473611
What are the prime factors of 5209082?
2, 37, 70393
What are the prime factors of 4808427320?
2, 5, 2113, 56891
List the prime factors of 53772895.
5, 11, 59, 73, 227
List the prime factors of 14940904.
2, 11, 169783
What are the prime factors of 3123503072?
2, 97609471
List the prime factors of 95456294.
2, 131, 364337
What are the prime factors of 2911154695?
5, 59, 197, 50093
List the prime factors of 588548874.
2, 3, 17, 283, 20389
List the prime factors of 8477437995.
3, 5, 13, 371573
List the prime factors of 1468716500.
2, 5, 59, 49787
What are the prime factors of 74079485?
5, 29, 79, 223
List the prime factors of 422195742.
2, 3, 23455319
What are the prime factors of 481048124?
2, 307, 391733
What are the prime factors of 15511745?
5, 421, 7369
List the prime factors of 31436764.
2, 7859191
List the prime factors of 83506808.
2, 7, 11, 31, 4373
What are the prime factors of 14972303?
14972303
List the prime factors of 64693096.
2, 13, 622049
What are the prime factors of 1011776878?
2, 7, 72269777
List the prime factors of 4609470593.
7, 13, 17, 2979619
What are the prime factors of 145480558?
2, 72740279
List the prime factors of 4732570976.
2, 7, 17, 53, 131, 179
List the prime factors of 2948999945.
5, 17, 223, 155579
List the prime factors of 19066841.
19066841
List the prime factors of 6204762929.
6204762929
List the prime factors of 2027699289.
3, 7, 11, 2925973
What are the prime factors of 78443667?
3, 67, 103, 421
What are the prime factors of 1437385457?
787, 1826411
What are the prime factors of 432464280?
2, 3, 5, 3603869
What are the prime factors of 29252822?
2, 29, 504359
List the prime factors of 189644688.
2, 3, 29, 45413
What are the prime factors of 339295434?
2, 3, 31, 1824169
What are the prime factors of 105585346?
2, 29, 37, 49201
List the prime factors of 37839058.
2, 18919529
List the prime factors of 9080926.
2, 41, 59, 1877
What are the prime factors of 11250081?
3, 1250009
List the prime factors of 78685265.
5, 17, 29, 137, 233
What are the prime factors of 2190396295?
5, 31, 14131589
List the prime factors of 943228422.
2, 3, 29, 602317
What are the prime factors of 343166664?
2, 3, 359, 39829
What are the prime factors of 3120925828?
2, 29, 83, 324151
List the prime factors of 275720162.
2, 41, 3362441
List the prime factors of 142000641.
3, 103, 51061
What are the prime factors of 1229461397?
89, 13814173
What are the prime factors of 172463540?
2, 5, 31, 43, 6469
What are the prime factors of 55562737?
167, 332711
List the prime factors of 280264657.
280264657
What are the prime factors of 77722727?
23, 3379249
List the prime factors of 154894832.
2, 53, 182659
What are the prime factors of 54222137?
73, 151, 4919
What are the prime factors of 138898971?
3, 15433219
What are the prime factors of 33577856?
2, 13, 17, 1187
List the prime factors of 5883886.
2, 2941943
What are the prime factors of 424408288?
2, 13262759
What are the prime factors of 77978715?
3, 5, 5198581
List the prime factors of 166905084.
2, 3, 47, 139, 2129
What are the prime factors of 3031538823?
3, 336837647
List the prime factors of 164551097.
1097, 150001
List the prime factors of 7826640553.
29, 7507, 35951
What are the prime factors of 26503533?
3, 7, 420691
What are the prime factors of 3385182824?
2, 97, 4362349
List the prime factors of 180507130.
2, 5, 89, 202817
What are the prime factors of 1197463457?
73, 16403609
List the prime factors of 94299762.
2, 3, 15716627
What are the prime factors of 642474324?
2, 3, 337, 52957
List the prime factors of 53916928.
2, 13, 17, 953
What are the prime factors of 10273729?
17, 59, 10243
List the prime factors of 358770585.
3, 5, 61, 392099
List the prime factors of 213377498.
2, 106688749
What are the prime factors of 135111749?
135111749
List the prime factors of 464712766.
2, 7, 2017, 2351
What are the prime factors of 896025712?
2, 19, 389, 7577
What are the prime factors of 41865881?
41865881
List the prime factors of 364611093.
3, 7, 11, 151, 10453
List the prime factors of 316593873.
3, 17, 23, 29989
What are the prime factors of 527605446?
2, 3, 5179, 16979
List the prime factors of 618360099.
3, 7, 29445719
List the prime factors of 239592969.
3, 7, 11, 345733
List the prime factors of 745766225.
5, 31, 127, 7577
List the prime factors of 3553184451.
3, 313, 3784009
What are the prime factors of 3713106?
2, 3, 17, 59, 617
What are the prime factors of 1378545802?
2, 23, 29968387
List the prime factors of 431207515.
5, 86241503
List the prime factors of 347194750.
2, 5, 7, 198397
List the prime factors of 54284959.
131, 414389
List the prime factors of 834818466.
2, 3, 19, 41, 178609
What are the prime factors of 149338453?
11, 13576223
List the prime factors of 645692906.
2, 1601, 201653
List the prime factors of 918796684.
2, 13, 17669167
List the prime factors of 528434076.
2, 3, 41, 139, 7727
What are the prime factors of 383089261?
2999, 127739
What are the prime factors of 36922461?
3, 12307487
List the prime factors of 231018589.
6983, 33083
What are the prime factors of 1512422513?
7, 31, 6969689
List the prime factors of 668027483.
9689, 68947
List the prime factors of 3999524785.
5, 41, 71, 274787
List the prime factors of 3240650878.
2, 29, 109, 173, 2963
List the prime factors of 73255377.
3, 13, 673, 2791
List the prime factors of 35761497.
3, 103, 115733
List the prime factors of 32252375.
5, 258019
What are the prime factors of 420580543?
61, 6894763
What are the prime factors of 799328691?
3, 7, 163, 77839
List the prime factors of 227276606.
2, 61, 1862923
List the prime factors of 650919038.
2, 7, 11, 603821
What are the prime factors of 736690897?
23, 32030039
List the prime factors of 24836220.
2, 3, 5, 15331
List the prime factors of 1489379390.
2, 5, 29, 43, 83, 1439
What are the prime factors of 5609906826?
2, 3, 19, 2143, 22963
List the prime factors of 1419521244.
2, 3, 541, 218657
What are the prime factors of 6403177697?
7, 914739671
What are the prime factors of 3876363?
3, 143569
List the prime factors of 516977629.
7, 2647, 27901
List the prime factors of 1317448989.
3, 223, 218809
What are the prime factors of 637483970?
2, 5, 313, 203669
What are the prime factors of 31966745?
5, 61, 163, 643
What are the prime factors of 1247191506?
2, 3, 11, 199, 3517
List the prime factors of 84852402.
2, 3, 401, 35267
List the prime factors of 628748204.
2, 7, 3207899
What are the prime factors of 646285190?